2 + r + 4. Let b(n) = n**2 - n - 2. Let s be b(3). Let c be a(s). Let h(p) = 23 - 42 + c - 6*p. Give h(4).
-19
Let j(u) = -9 - 2*u**2 + 2*u**2 + 49433*u - 49442*u + 4*u**2. Give j(-5).
136
Let t(w) = -2*w**2 + 24*w + 12. Let v be 3510/405 - 20/(-6). Determine t(v).
12
Let u = -90 - -101. Let j be (44/u)/((-4)/(-34)). Let f = -30 + j. Let w(r) = 2*r**2 - 5*r. What is w(f)?
12
Let r(q) = 29*q**3 + 13*q**2 - 24*q + 275. Let h(n) = -5*n**3 - 2*n**2 + 4*n - 46. Let j(c) = 35*h(c) + 6*r(c). Give j(8).
8
Let g(q) = -86*q + 29. Let z(y) = 32*y + 1. Let h(k) = g(k) + 2*z(k). Give h(2).
-13
Let j(l) = l**3 + 5*l**2 + 6*l + 5. Let k = 102 + -98. Let b be ((-29)/2)/(((-8)/k)/(-4)). Let g = b + 24. What is j(g)?
-25
Let u be 2/(-4)*-14 + -3. Let l(k) be the second derivative of -k**5/20 + k**4/3 + k**3/6 - 3*k**2/2 - 419*k. What is l(u)?
1
Suppose 51*j + 3*p + 7 = 56*j, j - 4*p = -2. Suppose 32 = 2*s + 2*s. Let d(q) = -q**2 + 1 + j*q**2 + s*q - 11*q. Determine d(3).
1
Let h be 2 + 6/(-12)*-16. Let d(k) be the first derivative of -8 - 11/3*k**3 + 1/4*k**4 - 2*k + 5*k**2. Give d(h).
-2
Suppose 0 = -3*j - 2*l + l + 14, -2*j = 3*l - 14. Let t(u) = u**2 - 3*u + 3. Let s be t(j). Let c(i) = 7*i + 123 + 6*i**2 - 47 - i**3 - 66. Give c(s).
10
Let b be (30/6)/(-3*(-6)/(-18)). Let r(f) = f + 3. Let t(g) = -g - 3. Let u(d) = b*r(d) - 6*t(d). Calculate u(-4).
-1
Let l(v) = v + 30. Suppose -491*n + 493*n = -34. Determine l(n).
13
Let n(a) = 4*a**2 - 16*a + 21. Let k be n(-12). Let t(u) = 392*u + 2 + 396*u - k*u. Calculate t(3).
-1
Let r(o) be the second derivative of o**4/6 - 4*o**3/3 - 13*o**2/2 + 630*o. Calculate r(-4).
51
Let f(m) = 4 - 2*m**2 - m**2 + 4*m**2 - m**3 - m. Let q(b) = b**3 + 2*b**2 - 8*b + 1. Let l be q(-6). Let u = l - -95. Give f(u).
4
Suppose 2*g - 3*s - 116 - 241 = 0, 0 = -4*g + 5*s + 713. Let j = 185 - g. Let y(p) = 3 + 8 + 0 - p. What is y(j)?
3
Let d(o) = o**3 + 8*o**2 + 8*o - 15. Let h(p) = 3*p**2 + 3*p - 66. Let c be h(4). Determine d(c).
9
Let v(j) = 2 + 0*j**2 - 6*j**3 + 6*j**2 + 4 - 9*j**2 - 4*j - 11*j**3. Determine v(2).
-150
Let i be ((-7)/(-3))/((-1)/3). Let n(j) = 625*j - 6. Let u(z) = 208*z - 2. Let o(l) = -n(l) + 3*u(l). Determine o(i).
7
Suppose 51*b - 20 = 41*b. Let q(c) = -347*c + 16*c**b - 15*c**2 + 353*c + 7. Calculate q(-4).
-1
Let a(t) = t**2 - 5*t - 11. Suppose 3*h + 3*v = 6*h - 18, 5*v - 12 = -h. Let n be a(h). Suppose -12*c = -n*c - 9. Let w(x) = x**2 + x - 1. Determine w(c).
1
Let q(u) = -u - 6. Let t(a) = -1. Let p(l) = -q(l) - 2*t(l). Let c = 257 - -824. Let z = c - 1093. Determine p(z).
-4
Let j(g) = -g**3 - 75*g**2 - g - 66. Let n be j(-75). Let w = -38 + 159. Let f(q) = -122*q + 6 + w*q + 7. Calculate f(n).
4
Let n(t) = -t**2 - 7*t + 34. Suppose -2*o + 34 = -2*x, 9*o - 8*o + 5 = -x. Calculate n(x).
-10
Suppose 0 = -4*o - 0*o. Let f be 0*(-1 - (-2 + o)). Let q(b) be the second derivative of b**3/6 - b**2/2 - 978*b. Calculate q(f).
-1
Let z(i) = 17 - 40 + 15 - 3*i + 6 - 15*i**2. Calculate z(-1).
-14
Let j(a) = a**3 + 5*a**2 - a + 4. Let l be j(-5). Let n be (44 - 5)/(-8 + 11). Let p(c) = -c + 12. Let k(g) = -3*g + 37. Let d(f) = n*p(f) - 4*k(f). Give d(l).
-1
Let q be (180/(-315))/((-4)/(-14)). Suppose 5*d - t - 22 = 2*t, -2*d + 4*t = -20. Let f = q + d. Let a(i) = -i**3 - i**2 - 3. What is a(f)?
-3
Let o be ((-33)/(-12))/(-10*4/320). Let j(i) = -2*i**2 - 45*i - 18. What is j(o)?
4
Let h(j) = -2*j**2 - 17*j - 3. Let p = 6200 + -6209. What is h(p)?
-12
Let n(w) be the third derivative of -w**5/60 - w**4/6 - 61*w**2. Suppose 15 = 4*b + 7. Let q be (-11)/b - (0 - 1/2). What is n(q)?
-5
Let p(v) = -129*v + 19. Let z(y) = -448*y + 57. Let q(d) = 7*p(d) - 2*z(d). What is q(6)?
-23
Suppose -272*r + 69 = -235*r - 486. Let g(k) = 2*k**2 - 28*k - 31. Give g(r).
-1
Let l(v) = -13*v + 55. Let i(n) = 3*n - 14. Let q(a) = 9*i(a) + 2*l(a). Let j(s) = 1757*s + 3514. Let p be j(-2). Calculate q(p).
-16
Suppose 0 = 129*b - 178*b + 98. Let n(d) be the first derivative of -10 + 3/2*d**b + d - 5/3*d**3 + 1/4*d**4. Determine n(3).
-8
Let a(h) = -9*h - 88. Let o(z) = 4*z + 38. Let r(u) = -4*a(u) - 10*o(u). Give r(-6).
-4
Suppose -2*o = -0*g - g + 1, -5*g = -o - 23. Let l(u) = -3*u - g*u - 4 + u + 3*u**2 - u**3 + 5*u**2. Let n be (11 - (-5)/(-1))*(1 + 0). Determine l(n).
26
Suppose 2*c - 3*z - 123 = -124, -5*c + z - 22 = 0. Let k(a) = a**3 + 7*a**2 + 5*a + 2. What is k(c)?
27
Let m = 23 - 30. Let s be m/(-21)*(-9)/(-1). Let o(g) = -2*g + 9*g - s*g. Determine o(-2).
-8
Let z(t) = -65*t + 2 + 30*t + 38*t + 2. Calculate z(-1).
1
Let j = 1132 + -1133. Let u be (-9)/(-9 + j + 9). Let w(s) = 10*s - 4 - s**2 - 6 + 0*s. Calculate w(u).
-1
Let v be (10/(-5) + -1)*-1. Let a(o) = -1 + 10 - v*o + 2*o**2 - 7 + 2 + o**3. Let i = 7 + -10. Determine a(i).
4
Let p(x) = x**3 + 4*x**2 - 10*x - 17. Let t be p(-5). Let a(w) = -9 - 17*w - t*w**2 - 2*w**3 + w**3 + 27*w. Calculate a(-9).
-18
Let j(u) = -56858*u**3 + 28427*u**3 + 6*u**2 + 12 + 28430*u**3 + 3*u. Determine j(7).
-16
Let s(o) = -3*o**2 + 5*o + 2. Let b(x) = x**3 - x**2 - 5*x - 41. Let k(r) = -b(r) - 3*s(r). Give k(9).
26
Let w be (-72)/(-756) - (-208)/21. Let g(q) = w - 58*q + 0*q + 2 + 39*q - 17*q**2 + q**3. Give g(18).
-6
Let t(p) be the first derivative of -p**4/2 - p**3 - 3*p**2/2 - 2*p + 81. Suppose 11*k - 10 = 6*k. Suppose 5*x = k - 12. What is t(x)?
8
Let w be (63/6 - -6) + -3 - 7/(-14). Let b(k) = 3*k - 38. Determine b(w).
4
Suppose -609 = -158*y - 67*y + 291. Let h(v) = -31*v + 117. Determine h(y).
-7
Let g(x) be the third derivative of x**5/60 - 3*x**4/4 + 12*x**3 - x**2 - x + 4. Calculate g(11).
-5
Let b(a) be the first derivative of a**4/4 - 5*a**3/3 - 3*a**2/2 + 22*a + 7440. Determine b(3).
-5
Let d be ((-14)/(-12))/(84/504). Let k(f) = -f**3 + 6*f**2 + 7*f + 10. What is k(d)?
10
Let i(b) be the third derivative of b**7/2520 - b**6/90 - b**5/8 + b**4/24 + b**3 + 172*b**2. Let c(r) be the second derivative of i(r). Determine c(9).
-6
Let z(s) = 796*s**2 - 1882*s**2 - 8 - 23*s + 1087*s**2. Calculate z(13).
-138
Let u(j) = -j**2 + 7*j + 13. Let z = -260 + 284. Suppose -2*v - z = -3*y, -13 - 11 = -3*y + 5*v. What is u(y)?
5
Let c(l) = -l**3 - 451*l + 3 - 437*l + 892*l. What is c(-2)?
3
Let f(z) be the first derivative of 8*z**2 - 10*z - 1603. Determine f(-4).
-74
Let k(c) = 6*c - 46. Let h(u) = -15*u + 133. Let z(x) = -3*h(x) - 8*k(x). Calculate z(-6).
-13
Let s(v) be the third derivative of v**6/180 - 3*v**5/40 + v**4/8 - 16*v**3/3 + 9*v**2 - 10*v. Let i(r) be the first derivative of s(r). What is i(6)?
21
Let m(p) = 11*p + 17. Let r be m(-1). Let z = 2 - 2. Let i(o) = 3 - r*o + o + 3*o**2 + z*o - o**3 - 10*o**2. What is i(-6)?
-3
Let o(c) = -57639*c**3 + 57640*c**3 - 2 + 7*c**2 - 3*c + 6 + 4. Give o(-8).
-32
Let f(u) be the second derivative of 1/2*u**3 - u - 1/20*u**5 + 1/2*u**2 + 1/6*u**4 - 94. Determine f(3).
1
Let u(j) = -9*j**2 + 2*j - 1. Let f be u(1). Let d(z) be the second derivative of -z**3/2 - 17*z**2/2 + 175710*z. What is d(f)?
7
Let t(g) = -166*g + 177. Let q be t(1). Let v(a) = 8*a - 90. What is v(q)?
-2
Let r(k) = -41*k**2 - 13638*k + 13637*k - 2 + 0. Calculate r(-1).
-42
Let v(c) = -6*c**2 - 7*c - 5. Let d(n) = -n**2 - n - 1. Let z = 59 + -107. Let s = z + 49. Let j(t) = s*v(t) - 5*d(t). What is j(-1)?
1
Suppose -2*p + 2 = 8. Let x = 203 + -153. Let j(m) = 52*m - 101*m + x*m + 2. What is j(p)?
-1
Let f(s) = s**2 + 5*s - 1. Let c = 17 + -16. Let b be (c/(-1))/((-6)/42). Suppose -2*j + b*j = 4*l - 36, 3*j + 8 = -l. Give f(j).
-5
Let r(k) be the second derivative of k**4/12 + 5*k**3/3 + k**2/2 + 282*k - 1. Let s be (-6 + 7)/((-1)/9). What is r(s)?
-8
Let g(i) = -73*i**3 - 79*i**3 + 151*i**3 + 14 - 49*i + 26*i**2. Calculate g(24).
-10
Let b(d) be the third derivative of 3*d**4/8 + 146*d**3/3 + 1623*d**2. Give b(-34).
-14
Let d(p) be the third derivative of -5*p**4/6 - 5*p**3/3 + p**2 - 3695. Calculate d(-2).
30
Let o be 0 - (-1 - 0)*-5. Let h(j) = -j**2 - 10*j + 40. Let t be h(-13). Let p(r) = 14*r - r**2 + t - 8*r - 11*r - r. Calculate p(o).
6
Let x(b) = -6*b + 4. Let k(o) = -9*o + 35. Let f(h) = -5*h + 19. Let t(d) = 11*f(d) - 6*k(d). Let l(q) = -2*t(q) + x(q). Calculate l(12).
-42
Let s(r) = r**2 + 5*r - 1. Let t = -11 - -9. Let g = -6 + t. Let x(c) = -c**3 - 7*c**2 + 10*c +